906. Is v prime?
True
Let c(o) = -18*o - 1. Let q be (-5)/4*-2*2. Let m be 2/q*(-1 + -4). Is c(m) a prime number?
False
Suppose -3*y + 11723 = m, -2*m - 3903 = -5*y + 4*y. Is y a prime number?
True
Let o be 3/(9/3261) + 4. Suppose -4*g + 4*b = -1472, -2*b + o = 2*g + 343. Is g a composite number?
True
Let i(a) = -a**3 + 2*a**2 + 3. Let v be i(3). Is v/(-1 + 3) + 22 a composite number?
False
Let h(x) = -2*x**2 + x. Let v be h(-2). Is 6/v - 356/(-10) composite?
True
Let n(t) = 3*t. Let h be n(4). Suppose -50 = -2*b + h. Is b prime?
True
Suppose 2*p = -2*p + 2060. Is p prime?
False
Suppose -o - 6 = -16. Suppose 5*c - o + 0 = 0. Suppose p - 177 = -c*p. Is p composite?
False
Suppose 2*s - 5*r + 661 = 1646, 4*r = -12. Is s composite?
True
Is ((-18171)/6)/(-9)*2 a composite number?
False
Suppose v + 3*v = 1124. Suppose 4445 = 5*j - 5*k, 2*k - v = -2*j + 1489. Is j composite?
False
Suppose 23 = h - 18. Let u(t) = 0*t + 8*t - h*t + 1. Is u(-2) prime?
True
Let c(u) = 3*u**2 + 16*u + 15. Let y be c(-10). Suppose 5*v - 2*k = k + 155, 5*v = -k + y. Is v a prime number?
True
Suppose -5*i = -3*v - 712, -3*i + v = i - 571. Is i a prime number?
False
Suppose i + 5*m = 33, 51 = 3*i + 4*m - 15. Is 2/(-3) + 786/i a prime number?
True
Let o = -1 + 1. Suppose -2*v + 641 - 223 = o. Suppose -3*q = -5*u - 217, 3*q - v = -0*q + u. Is q composite?
True
Let i = 63 + -44. Suppose 0 = -p + h + 15, -4*h = -p - 2*h + i. Is p composite?
False
Suppose -2*a + 1318 = 4*r, -3*a + 0*a - 2*r = -1993. Is a a prime number?
False
Suppose -2*k = k - 9. Let d = k + -5. Is ((-1264)/24)/(d/3) a composite number?
False
Suppose 59 = k + 9. Let w = k - 31. Suppose -121 - w = -4*a. Is a a prime number?
False
Let v(z) = -z**2 - 11*z + 6. Let r be v(-11). Is 1*3/r*22 prime?
True
Suppose -4*t - 1443 = -7*t. Is t prime?
False
Suppose -2*z + 66 = 4*c, -5*c + z + 90 = 2*z. Is c a composite number?
False
Suppose 7 = 5*v - 3. Suppose t - v*t = 41. Let w = 79 + t. Is w a composite number?
True
Let b = -21 + 22. Let y(o) = 5*o**3 - o**2 + o - 1. Let h be y(1). Suppose 0 = 4*q + 3*m - 48, 4*q = -h*m + 45 - b. Is q a prime number?
False
Suppose 0 = 2*t - 3*t - 105. Let o = t + 358. Is o composite?
True
Suppose -3*x = -15, -5*l = -5*x + x + 30. Is (2/3)/(l/(-201)) a composite number?
False
Let p(s) = -248*s**3. Let a be p(-1). Let i = a + -105. Suppose 0 = 3*f + f - q - i, -4*f = -2*q - 146. Is f a prime number?
False
Let d(r) = -r. Let a be d(4). Let h = 4 + a. Is (-65 + (h - 0))*-1 a prime number?
False
Suppose 0 = -v - 4*n + 1065, 1518 = 2*v + 2*n - 600. Is v a prime number?
False
Let b(a) = -7*a**2 - 5*a + 1. Let l be b(-4). Let p = -52 - l. Is p composite?
True
Let o = 2700 - 1791. Let x = 1466 - o. Is x prime?
True
Let j(k) = 12*k**2 - k + 12. Is j(-5) a composite number?
False
Suppose -3*w + 105 = -6. Let z = w - -42. Is z a composite number?
False
Suppose w + h = -w + 426, -4*w = 3*h - 856. Let v = -54 + w. Is v a prime number?
True
Let d(n) = 39*n + 1. Let j(f) = -f**3 - 4*f**2 + 2. Let c be j(-4). Is d(c) a prime number?
True
Let l(g) = 1 + 0 + 2*g - 3. Is l(12) composite?
True
Suppose 5*f = -2*x + 227, 4*x - 108 = 3*x + 3*f. Is x a composite number?
True
Suppose -3*v = p + 64 - 15, 0 = -4*v + p - 77. Let b be 3*(-8)/v*3. Suppose 69 - 217 = -b*z. Is z a prime number?
True
Let j = -26 - -16. Let s = 16 + j. Is s a prime number?
False
Let g(v) = v**3 + 9*v**2 - 3*v - 4. Is g(-7) composite?
True
Let i(r) = -r**3 + 18*r**2 + 7*r - 5. Is i(18) a prime number?
False
Let h = -112 + 286. Let t = h - 55. Is t a composite number?
True
Let r = 61 - 23. Suppose 3*g - g + 4 = 0. Is (r/(-4))/(1/g) composite?
False
Let v = 358 - 202. Suppose v = 2*x + 64. Suppose -32 = -3*o + x. Is o a prime number?
False
Suppose 6*o + 2101 = 7*o. Is o prime?
False
Suppose -t - t = -34. Let j be (-4)/16 - t/(-4). Suppose -4*g + 119 = 4*n - g, g = -j*n + 109. Is n prime?
False
Let j = 1741 + -1110. Is j a prime number?
True
Suppose 3*s - 540 = 114. Let b = -78 + s. Suppose -36 + b = 4*j. Is j a prime number?
False
Is 0 - 4*-1*1070/8 prime?
False
Let t(l) = -39*l**3 + 4*l**2 + 10*l - 3. Is t(-4) prime?
False
Suppose 0*z = -2*z + 62. Is z a prime number?
True
Let u = 4 - -1. Suppose -u*t + 43 = -4*d, -5*t + 3*d - d = -49. Is t composite?
False
Let r = 12 + -9. Let n(o) = 3 + 0*o**2 - 1 - 9*o**2 - 2*o + 2*o**2 + 2*o**r. Is n(5) a prime number?
True
Let y be -3*(-1 + 3/9). Suppose 0 = -y*l - 3*l + 340. Suppose -3*m + s + l = 0, -4 + 71 = 3*m - 2*s. Is m a prime number?
True
Suppose 250 + 32 = -2*n. Let m = 2 - n. Is m composite?
True
Let g = 1 + 1. Is 57/(g - -1) + 0 composite?
False
Let t = -81 + 112. Is t composite?
False
Suppose 1588 - 428 = 2*h. Suppose 3*p - h = 4*d, 0 = -2*d + 7*d - 2*p + 718. Let i = d + 207. Is i prime?
False
Suppose -3*v + 2*v + 1 = 0. Let r(g) = g**2 - 166. Let x be r(0). Is (-2)/4*x*v prime?
True
Suppose -2*f = -4*o + 3*o - 935, -2*o + 2333 = 5*f. Is f a composite number?
False
Let g(a) = -a**2 - 6*a - 3. Let t be g(-3). Suppose 0 = 3*w + 2*l - 131 - 195, -4*w + 436 = 3*l. Suppose 3*q = 15, -j - t*q = -3*q - w. Is j a prime number?
False
Let z = -125 - -282. Is z a composite number?
False
Let u(t) = t - 16. Let c be u(0). Let d = -55 - -33. Let a = c - d. Is a a composite number?
True
Suppose -3*n + 1 = -47. Let a = 23 - n. Is a composite?
False
Suppose -3*u - 39 = -6*u. Is u composite?
False
Suppose -2526 = -t - t + c, -4*t = -5*c - 5058. Is t prime?
False
Suppose -2*b - 1015 = -3*o, 1683 = -0*o + 5*o + b. Is o prime?
True
Suppose -5*p + 4*o + 4 + 1 = 0, -o - 10 = -3*p. Suppose -2*a + p*a = 1257. Is a a composite number?
False
Let k(o) = o**2 + 20*o - 9. Is k(-24) a composite number?
True
Let x be (-3 - -3)/(0 + 1). Suppose 5*d + i + x = 8, -4*i = 2*d + 4. Suppose 5*z - d = 168. Is z composite?
True
Let m be (40/(-30))/(2/147). Is (m/1 + 1)*-1 a composite number?
False
Let h = 24 - 14. Let t be (-4)/h - (-54)/10. Suppose k - t - 14 = 0. Is k composite?
False
Let o be (2 - 1 - 3) + -4. Suppose 5*j + 0*d + 21 = 3*d, d = 2*j + 8. Let p = j - o. Is p a prime number?
True
Suppose b - 4*i = 9, 2*i + 5 = b - 0*i. Let h(g) = 6*g**2 - 2*g - 3. Let n(s) = -s**2 - s + 1. Let j(z) = b*h(z) + 4*n(z). Is j(6) a composite number?
False
Suppose -3*c - 5*t + 174 = 0, 2*c + 2*t - 112 = -0*c. Is c prime?
True
Let d(r) = 4*r**2 - 4*r + 5. Let o be d(5). Suppose -4*h - 175 = -5*g, 2*g - g + 5*h = 64. Suppose -4*t + g = -o. Is t composite?
False
Suppose 0 = 4*v - 5*v + 4*m + 31, 3*m = 4*v - 59. Suppose -5*c = -9 - v. Suppose c*y + 38 - 186 = 0. Is y prime?
True
Let j = 88 - -122. Suppose 0 = 4*z + 6 - j. Is z a composite number?
True
Let z = 32 + -15. Is (0 - z)/((-2)/6) a prime number?
False
Suppose 5*a - 14 - 6 = 0. Suppose -16 = -2*s + a. Suppose z - 3*f - 25 = 0, -3*z - 2*f - 2*f + s = 0. Is z composite?
True
Let j = 208 + 30. Let b = j + -14. Suppose 4*d - 8 = b. Is d a prime number?
False
Let q = -6 + 4. Let i be (q/4)/(1/(-2)). Suppose -5*l - 3*a + 97 = -1, -i = -a. Is l a composite number?
False
Let x = -164 + 315. Suppose 4*t - o = 1351, -2*t - 3*o + x = -514. Is t a composite number?
False
Let g = 54 - -29. Is g a composite number?
False
Let i(y) = y**2 - y - 1. Let k be i(3). Suppose k*t - 635 = -0*t. Is t a prime number?
True
Let w(c) = c**3 - 12*c**2 + 24*c - 7. Is w(10) prime?
False
Let j(z) = z**3 + 7*z**2 - 2*z - 7. Suppose -u + 0*u = -3*n + 20, u - 20 = -5*n. Suppose n*r = 10, -3*s - r = -2*r + 23. Is j(s) a prime number?
True
Let g = -9 - -15. Let q = g - 3. Is q a composite number?
False
Suppose 20 = 5*l + 5*u, -5*u + 2*u = -4*l - 19. Is 1*(l + 0) + 134 a composite number?
True
Let w(p) be the first derivative of p**4/4 + 7*p**3/3 + 5*p**2/2 - 6*p - 4. Let r be w(-6). Suppose -4*f + 182 + 206 = r. Is f a composite number?
False
Let n(v) = v**2 + v - 7. Let w = -15 + 21. Is n(w) a prime number?
False
Let t = 767 + -234. Is t a composite number?
True
Let z = 872 + -543. Is z a composite number?
True
Let i = -39 + 658. Let t = i + -428. Is t a prime number?
True
Suppose 2*c = 5*c - 2103. Is c a prime number?
True
Suppose p + p = 0. Suppose p*h = -4*h + 8. Suppose -g + 15 = h*x + 2*x, 0 = -3*x. Is g a composite number?
True
Suppose q = -2*q, -4*q + 70 = 5*u. Let w = u - -77. Is w a composite number?
True
